[INFO] cloning repository https://github.com/extraymond/personal_blog.rs
[INFO] running `Command { std: "git" "-c" "credential.helper=" "-c" "credential.helper=/workspace/cargo-home/bin/git-credential-null" "clone" "--bare" "https://github.com/extraymond/personal_blog.rs" "/workspace/cache/git-repos/https%3A%2F%2Fgithub.com%2Fextraymond%2Fpersonal_blog.rs", kill_on_drop: false }`
[INFO] [stderr] Cloning into bare repository '/workspace/cache/git-repos/https%3A%2F%2Fgithub.com%2Fextraymond%2Fpersonal_blog.rs'...
[INFO] running `Command { std: "git" "rev-parse" "HEAD", kill_on_drop: false }`
[INFO] [stdout] eb7d30bcf5724dc260bf157a8934d1bae216284c
[INFO] checking extraymond/personal_blog.rs against try#72f88fc4e9458f89516a0b8b0868f3718aec5b47 for pr-74989
[INFO] running `Command { std: "git" "clone" "/workspace/cache/git-repos/https%3A%2F%2Fgithub.com%2Fextraymond%2Fpersonal_blog.rs" "/workspace/builds/worker-3/source", kill_on_drop: false }`
[INFO] [stderr] Cloning into '/workspace/builds/worker-3/source'...
[INFO] [stderr] done.
[INFO] validating manifest of git repo https://github.com/extraymond/personal_blog.rs on toolchain 72f88fc4e9458f89516a0b8b0868f3718aec5b47
[INFO] running `Command { std: "/workspace/cargo-home/bin/cargo" "+72f88fc4e9458f89516a0b8b0868f3718aec5b47" "read-manifest" "--manifest-path" "Cargo.toml", kill_on_drop: false }`
[INFO] removed /workspace/builds/worker-3/source/.cargo/config
[INFO] started tweaking git repo https://github.com/extraymond/personal_blog.rs
[INFO] finished tweaking git repo https://github.com/extraymond/personal_blog.rs
[INFO] tweaked toml for git repo https://github.com/extraymond/personal_blog.rs written to /workspace/builds/worker-3/source/Cargo.toml
[INFO] crate git repo https://github.com/extraymond/personal_blog.rs already has a lockfile, it will not be regenerated
[INFO] running `Command { std: "/workspace/cargo-home/bin/cargo" "+72f88fc4e9458f89516a0b8b0868f3718aec5b47" "fetch" "--locked" "--manifest-path" "Cargo.toml", kill_on_drop: false }`
[INFO] [stderr] warning: dependency (vega_lite_3) specified without providing a local path, Git repository, or version to use. This will be considered an error in future versions
[INFO] [stderr] warning: unused manifest key: dependencies.uuid.feastures
[INFO] [stderr] warning: unused manifest key: dependencies.vega_lite_3.vesion
[INFO] [stderr] warning: unused manifest key: package.desription
[INFO] [stderr]     Blocking waiting for file lock on package cache
[INFO] [stderr]     Updating git repository `https://github.com/extraymond/dodrio-ext`
[INFO] [stderr]     Blocking waiting for file lock on package cache
[INFO] [stderr]  Downloading crates ...
[INFO] [stderr]   Downloaded derive_more v0.99.2
[INFO] [stderr]   Downloaded derive_builder v0.9.0
[INFO] [stderr]   Downloaded failure_derive v0.1.6
[INFO] [stderr]   Downloaded include_dir_impl v0.5.0
[INFO] [stderr]   Downloaded failure v0.1.6
[INFO] [stderr]   Downloaded regex-automata v0.1.8
[INFO] [stderr]   Downloaded derive_builder_core v0.9.0
[INFO] [stderr]   Downloaded curl v0.4.25
[INFO] [stderr]   Downloaded opener v0.4.1
[INFO] [stderr]   Downloaded showata v0.2.0
[INFO] [stderr]   Downloaded wasm-bindgen-test-macro v0.3.8
[INFO] [stderr]   Downloaded wasm-bindgen-test v0.3.8
[INFO] [stderr]   Downloaded memchr v2.3.2
[INFO] [stderr]   Downloaded libnghttp2-sys v0.1.2
[INFO] [stderr]   Downloaded bstr v0.2.11
[INFO] [stderr]   Downloaded ndarray v0.13.0
[INFO] [stderr]   Downloaded include_dir v0.5.0
[INFO] [stderr]   Downloaded curl-sys v0.4.25
[INFO] [stderr]   Downloaded gloo-timers v0.2.0
[INFO] [stderr]   Downloaded pulldown-cmark v0.6.1
[INFO] [stderr]   Downloaded gloo v0.2.0
[INFO] [stderr]   Downloaded vega_lite_3 v0.2.4
[INFO] running `Command { std: "docker" "create" "-v" "/var/lib/crater-agent-workspace/builds/worker-3/target:/opt/rustwide/target:rw,Z" "-v" "/var/lib/crater-agent-workspace/builds/worker-3/source:/opt/rustwide/workdir:ro,Z" "-v" "/var/lib/crater-agent-workspace/cargo-home:/opt/rustwide/cargo-home:ro,Z" "-v" "/var/lib/crater-agent-workspace/rustup-home:/opt/rustwide/rustup-home:ro,Z" "-e" "SOURCE_DIR=/opt/rustwide/workdir" "-e" "CARGO_TARGET_DIR=/opt/rustwide/target" "-e" "CARGO_HOME=/opt/rustwide/cargo-home" "-e" "RUSTUP_HOME=/opt/rustwide/rustup-home" "-w" "/opt/rustwide/workdir" "-m" "1610612736" "--user" "0:0" "--network" "none" "rustops/crates-build-env@sha256:d92eaeed33fa75130ca1ee6c8a01d1ffb62bac859dfdfb3450e3e5d1c0146529" "/opt/rustwide/cargo-home/bin/cargo" "+72f88fc4e9458f89516a0b8b0868f3718aec5b47" "metadata" "--no-deps" "--format-version=1", kill_on_drop: false }`
[INFO] [stdout] 7cb8588ed7c99b2a5f7d7da4e7a30f355b2a2c2fde7ac451bfb86e4920c1becc
[INFO] [stderr] WARNING: Your kernel does not support swap limit capabilities or the cgroup is not mounted. Memory limited without swap.
[INFO] running `Command { std: "docker" "start" "-a" "7cb8588ed7c99b2a5f7d7da4e7a30f355b2a2c2fde7ac451bfb86e4920c1becc", kill_on_drop: false }`
[INFO] running `Command { std: "docker" "inspect" "7cb8588ed7c99b2a5f7d7da4e7a30f355b2a2c2fde7ac451bfb86e4920c1becc", kill_on_drop: false }`
[INFO] running `Command { std: "docker" "rm" "-f" "7cb8588ed7c99b2a5f7d7da4e7a30f355b2a2c2fde7ac451bfb86e4920c1becc", kill_on_drop: false }`
[INFO] [stdout] 7cb8588ed7c99b2a5f7d7da4e7a30f355b2a2c2fde7ac451bfb86e4920c1becc
[INFO] running `Command { std: "docker" "create" "-v" "/var/lib/crater-agent-workspace/builds/worker-3/target:/opt/rustwide/target:rw,Z" "-v" "/var/lib/crater-agent-workspace/builds/worker-3/source:/opt/rustwide/workdir:ro,Z" "-v" "/var/lib/crater-agent-workspace/cargo-home:/opt/rustwide/cargo-home:ro,Z" "-v" "/var/lib/crater-agent-workspace/rustup-home:/opt/rustwide/rustup-home:ro,Z" "-e" "SOURCE_DIR=/opt/rustwide/workdir" "-e" "CARGO_TARGET_DIR=/opt/rustwide/target" "-e" "CARGO_INCREMENTAL=0" "-e" "RUST_BACKTRACE=full" "-e" "RUSTFLAGS=--cap-lints=forbid" "-e" "CARGO_HOME=/opt/rustwide/cargo-home" "-e" "RUSTUP_HOME=/opt/rustwide/rustup-home" "-w" "/opt/rustwide/workdir" "-m" "1610612736" "--user" "0:0" "--network" "none" "rustops/crates-build-env@sha256:d92eaeed33fa75130ca1ee6c8a01d1ffb62bac859dfdfb3450e3e5d1c0146529" "/opt/rustwide/cargo-home/bin/cargo" "+72f88fc4e9458f89516a0b8b0868f3718aec5b47" "check" "--frozen" "--all" "--all-targets" "--message-format=json", kill_on_drop: false }`
[INFO] [stdout] c2bddd92b309fbce3c413d6c42491fbeabc1c4ab19e97943e922d7817e1a6f24
[INFO] [stderr] WARNING: Your kernel does not support swap limit capabilities or the cgroup is not mounted. Memory limited without swap.
[INFO] running `Command { std: "docker" "start" "-a" "c2bddd92b309fbce3c413d6c42491fbeabc1c4ab19e97943e922d7817e1a6f24", kill_on_drop: false }`
[INFO] [stderr] warning: dependency (vega_lite_3) specified without providing a local path, Git repository, or version to use. This will be considered an error in future versions
[INFO] [stderr] warning: unused manifest key: dependencies.uuid.feastures
[INFO] [stderr] warning: unused manifest key: dependencies.vega_lite_3.vesion
[INFO] [stderr] warning: unused manifest key: package.desription
[INFO] [stderr]    Compiling proc-macro2 v1.0.8
[INFO] [stderr]    Compiling lazy_static v1.4.0
[INFO] [stderr]    Compiling ryu v1.0.2
[INFO] [stderr]    Compiling bumpalo v3.2.0
[INFO] [stderr]    Compiling anyhow v1.0.26
[INFO] [stderr]    Compiling wasm-bindgen v0.2.58
[INFO] [stderr]    Compiling version_check v0.1.5
[INFO] [stderr]    Compiling unicode-segmentation v1.6.0
[INFO] [stderr]    Compiling pkg-config v0.3.17
[INFO] [stderr]    Compiling strsim v0.9.3
[INFO] [stderr]    Compiling siphasher v0.2.3
[INFO] [stderr]    Compiling string_cache_shared v0.3.0
[INFO] [stderr]    Compiling byte-tools v0.3.1
[INFO] [stderr]    Compiling regex-syntax v0.6.14
[INFO] [stderr]    Compiling bit-vec v0.5.1
[INFO] [stderr]    Compiling new_debug_unreachable v1.0.4
[INFO] [stderr]    Compiling fake-simd v0.1.2
[INFO] [stderr]    Compiling ordermap v0.3.5
[INFO] [stderr]    Compiling fixedbitset v0.1.9
[INFO] [stderr]    Compiling opaque-debug v0.2.3
[INFO] [stderr]    Compiling precomputed-hash v0.1.1
[INFO] [stderr]    Compiling diff v0.1.12
[INFO] [stderr]    Compiling ident_case v1.0.1
[INFO] [stderr]    Compiling fnv v1.0.6
[INFO] [stderr]    Compiling lalrpop-util v0.17.2
[INFO] [stderr]     Checking matches v0.1.8
[INFO] [stderr]    Compiling syn v0.15.44
[INFO] [stderr]    Compiling failure_derive v0.1.6
[INFO] [stderr]    Compiling curl v0.4.25
[INFO] [stderr]     Checking openssl-probe v0.1.2
[INFO] [stderr]     Checking bumpalo v2.6.0
[INFO] [stderr]     Checking unicode-width v0.1.7
[INFO] [stderr]    Compiling rustc-demangle v0.1.16
[INFO] [stderr]    Compiling derive_builder v0.9.0
[INFO] [stderr]    Compiling ansi_term v0.12.1
[INFO] [stderr]     Checking rawpointer v0.2.1
[INFO] [stderr]    Compiling ndarray v0.13.0
[INFO] [stderr]     Checking htmlescape v0.3.1
[INFO] [stderr]     Checking longest-increasing-subsequence v0.1.0
[INFO] [stderr]    Compiling pulldown-cmark v0.6.1
[INFO] [stderr]     Checking send_wrapper v0.4.0
[INFO] [stderr]     Checking strum v0.17.1
[INFO] [stderr]    Compiling libnghttp2-sys v0.1.2
[INFO] [stderr]    Compiling num-traits v0.2.11
[INFO] [stderr]    Compiling num-complex v0.2.4
[INFO] [stderr]    Compiling num-integer v0.1.42
[INFO] [stderr]     Checking futures-channel v0.3.4
[INFO] [stderr]    Compiling block-padding v0.1.5
[INFO] [stderr]    Compiling thread_local v1.0.1
[INFO] [stderr]    Compiling phf_shared v0.7.24
[INFO] [stderr]    Compiling bit-set v0.5.1
[INFO] [stderr]     Checking c2-chacha v0.2.3
[INFO] [stderr]    Compiling heck v0.3.1
[INFO] [stderr]     Checking unicode-bidi v0.3.4
[INFO] [stderr]    Compiling nom v4.2.3
[INFO] [stderr]    Compiling petgraph v0.4.13
[INFO] [stderr]     Checking getopts v0.2.21
[INFO] [stderr]     Checking itertools v0.8.2
[INFO] [stderr]     Checking matrixmultiply v0.2.3
[INFO] [stderr]    Compiling libc v0.2.66
[INFO] [stderr]    Compiling log v0.4.8
[INFO] [stderr]    Compiling memchr v2.3.2
[INFO] [stderr]    Compiling byteorder v1.3.4
[INFO] [stderr]     Checking crossbeam-channel v0.3.9
[INFO] [stderr]    Compiling typenum v1.11.2
[INFO] [stderr]    Compiling proc-macro2 v0.4.30
[INFO] [stderr]    Compiling libz-sys v1.0.25
[INFO] [stderr]    Compiling openssl-sys v0.9.54
[INFO] [stderr]    Compiling curl-sys v0.4.25
[INFO] [stderr]     Checking getrandom v0.1.14
[INFO] [stderr]     Checking num_cpus v1.12.0
[INFO] [stderr]     Checking socket2 v0.3.11
[INFO] [stderr]     Checking parking_lot_core v0.7.0
[INFO] [stderr]     Checking termios v0.3.1
[INFO] [stderr]     Checking atty v0.2.14
[INFO] [stderr]     Checking clicolors-control v1.0.1
[INFO] [stderr]     Checking wee_alloc v0.4.5
[INFO] [stderr]     Checking fxhash v0.2.1
[INFO] [stderr]     Checking regex-automata v0.1.8
[INFO] [stderr]     Checking backtrace-sys v0.1.32
[INFO] [stderr]     Checking idna v0.2.0
[INFO] [stderr]    Compiling ena v0.13.1
[INFO] [stderr]    Compiling aho-corasick v0.7.8
[INFO] [stderr]    Compiling rand_os v0.1.3
[INFO] [stderr]    Compiling dirs v1.0.5
[INFO] [stderr]     Checking bytes v0.4.12
[INFO] [stderr]     Checking showata v0.2.0
[INFO] [stderr]     Checking rand_core v0.5.1
[INFO] [stderr]    Compiling quote v0.6.13
[INFO] [stderr]    Compiling generic-array v0.12.3
[INFO] [stderr]    Compiling mime_guess v2.0.1
[INFO] [stderr]     Checking parking_lot v0.10.0
[INFO] [stderr]     Checking backtrace v0.3.44
[INFO] [stderr]    Compiling quote v1.0.2
[INFO] [stderr]    Compiling term v0.5.2
[INFO] [stderr]    Compiling rand v0.6.5
[INFO] [stderr]    Compiling block-buffer v0.7.3
[INFO] [stderr]    Compiling digest v0.8.1
[INFO] [stderr]     Checking rand_chacha v0.2.1
[INFO] [stderr]     Checking tokio-io v0.1.13
[INFO] [stderr]     Checking http v0.1.21
[INFO] [stderr]     Checking url v2.1.1
[INFO] [stderr]    Compiling syn v1.0.14
[INFO] [stderr]     Checking regex v1.3.4
[INFO] [stderr]    Compiling ascii-canvas v2.0.0
[INFO] [stderr]    Compiling sha2 v0.8.1
[INFO] [stderr]     Checking rand v0.7.3
[INFO] [stderr]    Compiling wasm-bindgen-test-macro v0.3.8
[INFO] [stderr]    Compiling weedle v0.10.0
[INFO] [stderr]     Checking futures-util-preview v0.3.0-alpha.19
[INFO] [stderr]    Compiling phf_generator v0.7.24
[INFO] [stderr]    Compiling string_cache_codegen v0.4.4
[INFO] [stderr]     Checking console v0.7.7
[INFO] [stderr]    Compiling string_cache v0.7.5
[INFO] [stderr]     Checking futures-executor-preview v0.3.0-alpha.19
[INFO] [stderr]     Checking futures-preview v0.3.0-alpha.19
[INFO] [stderr]    Compiling async-log-attributes v1.0.1
[INFO] [stderr]     Checking async-log v1.1.0
[INFO] [stderr]    Compiling wasm-bindgen-backend v0.2.58
[INFO] [stderr]    Compiling darling_core v0.10.2
[INFO] [stderr]    Compiling synstructure v0.12.3
[INFO] [stderr]    Compiling isahc v0.7.6
[INFO] [stderr]    Compiling serde_derive v1.0.104
[INFO] [stderr]    Compiling proc-macro-hack v0.5.11
[INFO] [stderr]    Compiling thiserror-impl v1.0.11
[INFO] [stderr]    Compiling strum_macros v0.17.1
[INFO] [stderr]    Compiling derive_more v0.99.2
[INFO] [stderr]    Compiling async-trait v0.1.24
[INFO] [stderr]    Compiling wasm-bindgen-macro-support v0.2.58
[INFO] [stderr]    Compiling wasm-bindgen-webidl v0.2.58
[INFO] [stderr]    Compiling failure v0.1.6
[INFO] [stderr]    Compiling darling_macro v0.10.2
[INFO] [stderr]     Checking thiserror v1.0.11
[INFO] [stderr]    Compiling futures-macro v0.3.4
[INFO] [stderr]    Compiling include_dir_impl v0.5.0
[INFO] [stderr]    Compiling wasm-bindgen-macro v0.2.58
[INFO] [stderr]    Compiling darling v0.10.2
[INFO] [stderr]    Compiling derive_builder_core v0.9.0
[INFO] [stderr]     Checking include_dir v0.5.0
[INFO] [stderr]    Compiling web-sys v0.3.35
[INFO] [stderr]     Checking futures-util v0.3.4
[INFO] [stderr]     Checking serde v1.0.104
[INFO] [stderr]     Checking futures-executor v0.3.4
[INFO] [stderr]     Checking futures v0.3.4
[INFO] [stderr]     Checking serde_json v1.0.48
[INFO] [stderr]     Checking bstr v0.2.11
[INFO] [stderr]     Checking serde_urlencoded v0.6.1
[INFO] [stderr]     Checking uuid v0.8.1
[INFO] [stderr]    Compiling docopt v1.1.0
[INFO] [stderr]     Checking csv v1.1.3
[INFO] [stderr]    Compiling lalrpop v0.17.2
[INFO] [stderr]     Checking surf v1.0.3
[INFO] [stderr]     Checking femme v1.3.0
[INFO] [stderr]     Checking js-sys v0.3.35
[INFO] [stderr]     Checking console_error_panic_hook v0.1.6
[INFO] [stderr]     Checking vega_lite_3 v0.2.4
[INFO] [stdout] error: return value of constructor must be a bare path
[INFO] [stdout]     --> /opt/rustwide/cargo-home/registry/src/github.com-1ecc6299db9ec823/js-sys-0.3.35/src/lib.rs:4753:13
[INFO] [stdout]      |
[INFO] [stdout] 4753 | /             /// The
[INFO] [stdout] 4754 | |             #[doc = $ctor]
[INFO] [stdout] 4755 | |             /// constructor creates an array of unsigned 8-bit integers.
[INFO] [stdout] 4756 | |             ///
[INFO] [stdout] ...    |
[INFO] [stdout] 4760 | |             #[wasm_bindgen(constructor)]
[INFO] [stdout] 4761 | |             pub fn new(constructor_arg: &JsValue) -> $name;
[INFO] [stdout]      | |___________________________________________________________^
[INFO] [stdout] ...
[INFO] [stdout] 4948 | / arrays! {
[INFO] [stdout] 4949 | |     /// `Int8Array()`
[INFO] [stdout] 4950 | |     /// https://developer.mozilla.org/en-US/docs/Web/JavaScript/Reference/Global_Objects/Int8Array
[INFO] [stdout] 4951 | |     Int8Array: i8,
[INFO] [stdout] ...    |
[INFO] [stdout] 4983 | |     Float64Array: f64,
[INFO] [stdout] 4984 | | }
[INFO] [stdout]      | |_- in this macro invocation
[INFO] [stdout]      |
[INFO] [stdout]      = note: this error originates in a macro (in Nightly builds, run with -Z macro-backtrace for more info)
[INFO] [stdout] 
[INFO] [stdout] 
[INFO] [stdout] error: return value of constructor must be a bare path
[INFO] [stdout]     --> /opt/rustwide/cargo-home/registry/src/github.com-1ecc6299db9ec823/js-sys-0.3.35/src/lib.rs:4763:13
[INFO] [stdout]      |
[INFO] [stdout] 4763 | /             /// An
[INFO] [stdout] 4764 | |             #[doc = $ctor]
[INFO] [stdout] 4765 | |             /// which creates an array with an internal buffer large
[INFO] [stdout] 4766 | |             /// enough for `length` elements.
[INFO] [stdout] ...    |
[INFO] [stdout] 4771 | |             #[wasm_bindgen(constructor)]
[INFO] [stdout] 4772 | |             pub fn new_with_length(length: u32) -> $name;
[INFO] [stdout]      | |_________________________________________________________^
[INFO] [stdout] ...
[INFO] [stdout] 4948 | / arrays! {
[INFO] [stdout] 4949 | |     /// `Int8Array()`
[INFO] [stdout] 4950 | |     /// https://developer.mozilla.org/en-US/docs/Web/JavaScript/Reference/Global_Objects/Int8Array
[INFO] [stdout] 4951 | |     Int8Array: i8,
[INFO] [stdout] ...    |
[INFO] [stdout] 4983 | |     Float64Array: f64,
[INFO] [stdout] 4984 | | }
[INFO] [stdout]      | |_- in this macro invocation
[INFO] [stdout]      |
[INFO] [stdout]      = note: this error originates in a macro (in Nightly builds, run with -Z macro-backtrace for more info)
[INFO] [stdout] 
[INFO] [stdout] 
[INFO] [stdout] error: return value of constructor must be a bare path
[INFO] [stdout]     --> /opt/rustwide/cargo-home/registry/src/github.com-1ecc6299db9ec823/js-sys-0.3.35/src/lib.rs:4774:13
[INFO] [stdout]      |
[INFO] [stdout] 4774 | /             /// An
[INFO] [stdout] 4775 | |             #[doc = $ctor]
[INFO] [stdout] 4776 | |             /// which creates an array with the given buffer but is a
[INFO] [stdout] 4777 | |             /// view starting at `byte_offset`.
[INFO] [stdout] ...    |
[INFO] [stdout] 4782 | |             #[wasm_bindgen(constructor)]
[INFO] [stdout] 4783 | |             pub fn new_with_byte_offset(buffer: &JsValue, byte_offset: u32) -> $name;
[INFO] [stdout]      | |_____________________________________________________________________________________^
[INFO] [stdout] ...
[INFO] [stdout] 4948 | / arrays! {
[INFO] [stdout] 4949 | |     /// `Int8Array()`
[INFO] [stdout] 4950 | |     /// https://developer.mozilla.org/en-US/docs/Web/JavaScript/Reference/Global_Objects/Int8Array
[INFO] [stdout] 4951 | |     Int8Array: i8,
[INFO] [stdout] ...    |
[INFO] [stdout] 4983 | |     Float64Array: f64,
[INFO] [stdout] 4984 | | }
[INFO] [stdout]      | |_- in this macro invocation
[INFO] [stdout]      |
[INFO] [stdout]      = note: this error originates in a macro (in Nightly builds, run with -Z macro-backtrace for more info)
[INFO] [stdout] 
[INFO] [stdout] 
[INFO] [stdout] error: return value of constructor must be a bare path
[INFO] [stdout]     --> /opt/rustwide/cargo-home/registry/src/github.com-1ecc6299db9ec823/js-sys-0.3.35/src/lib.rs:4785:13
[INFO] [stdout]      |
[INFO] [stdout] 4785 | /             /// An
[INFO] [stdout] 4786 | |             #[doc = $ctor]
[INFO] [stdout] 4787 | |             /// which creates an array with the given buffer but is a
[INFO] [stdout] 4788 | |             /// view starting at `byte_offset` for `length` elements.
[INFO] [stdout] ...    |
[INFO] [stdout] 4797 | |                 length: u32,
[INFO] [stdout] 4798 | |             ) -> $name;
[INFO] [stdout]      | |_______________________^
[INFO] [stdout] ...
[INFO] [stdout] 4948 | / arrays! {
[INFO] [stdout] 4949 | |     /// `Int8Array()`
[INFO] [stdout] 4950 | |     /// https://developer.mozilla.org/en-US/docs/Web/JavaScript/Reference/Global_Objects/Int8Array
[INFO] [stdout] 4951 | |     Int8Array: i8,
[INFO] [stdout] ...    |
[INFO] [stdout] 4983 | |     Float64Array: f64,
[INFO] [stdout] 4984 | | }
[INFO] [stdout]      | |_- in this macro invocation
[INFO] [stdout]      |
[INFO] [stdout]      = note: this error originates in a macro (in Nightly builds, run with -Z macro-backtrace for more info)
[INFO] [stdout] 
[INFO] [stdout] 
[INFO] [stdout] error: first argument of method must be a path
[INFO] [stdout]     --> /opt/rustwide/cargo-home/registry/src/github.com-1ecc6299db9ec823/js-sys-0.3.35/src/lib.rs:4805:32
[INFO] [stdout]      |
[INFO] [stdout] 4805 |               pub fn fill(this: &$name, value: $ty, start: u32, end: u32) -> $name;
[INFO] [stdout]      |                                  ^^^^^
[INFO] [stdout] ...
[INFO] [stdout] 4948 | / arrays! {
[INFO] [stdout] 4949 | |     /// `Int8Array()`
[INFO] [stdout] 4950 | |     /// https://developer.mozilla.org/en-US/docs/Web/JavaScript/Reference/Global_Objects/Int8Array
[INFO] [stdout] 4951 | |     Int8Array: i8,
[INFO] [stdout] ...    |
[INFO] [stdout] 4983 | |     Float64Array: f64,
[INFO] [stdout] 4984 | | }
[INFO] [stdout]      | |_- in this macro invocation
[INFO] [stdout]      |
[INFO] [stdout]      = note: this error originates in a macro (in Nightly builds, run with -Z macro-backtrace for more info)
[INFO] [stdout] 
[INFO] [stdout] 
[INFO] [stdout] error: first argument of method must be a path
[INFO] [stdout]     --> /opt/rustwide/cargo-home/registry/src/github.com-1ecc6299db9ec823/js-sys-0.3.35/src/lib.rs:4810:34
[INFO] [stdout]      |
[INFO] [stdout] 4810 |               pub fn buffer(this: &$name) -> ArrayBuffer;
[INFO] [stdout]      |                                    ^^^^^
[INFO] [stdout] ...
[INFO] [stdout] 4948 | / arrays! {
[INFO] [stdout] 4949 | |     /// `Int8Array()`
[INFO] [stdout] 4950 | |     /// https://developer.mozilla.org/en-US/docs/Web/JavaScript/Reference/Global_Objects/Int8Array
[INFO] [stdout] 4951 | |     Int8Array: i8,
[INFO] [stdout] ...    |
[INFO] [stdout] 4983 | |     Float64Array: f64,
[INFO] [stdout] 4984 | | }
[INFO] [stdout]      | |_- in this macro invocation
[INFO] [stdout]      |
[INFO] [stdout]      = note: this error originates in a macro (in Nightly builds, run with -Z macro-backtrace for more info)
[INFO] [stdout] 
[INFO] [stdout] 
[INFO] [stdout] error: first argument of method must be a path
[INFO] [stdout]     --> /opt/rustwide/cargo-home/registry/src/github.com-1ecc6299db9ec823/js-sys-0.3.35/src/lib.rs:4815:36
[INFO] [stdout]      |
[INFO] [stdout] 4815 |               pub fn subarray(this: &$name, begin: u32, end: u32) -> $name;
[INFO] [stdout]      |                                      ^^^^^
[INFO] [stdout] ...
[INFO] [stdout] 4948 | / arrays! {
[INFO] [stdout] 4949 | |     /// `Int8Array()`
[INFO] [stdout] 4950 | |     /// https://developer.mozilla.org/en-US/docs/Web/JavaScript/Reference/Global_Objects/Int8Array
[INFO] [stdout] 4951 | |     Int8Array: i8,
[INFO] [stdout] ...    |
[INFO] [stdout] 4983 | |     Float64Array: f64,
[INFO] [stdout] 4984 | | }
[INFO] [stdout]      | |_- in this macro invocation
[INFO] [stdout]      |
[INFO] [stdout]      = note: this error originates in a macro (in Nightly builds, run with -Z macro-backtrace for more info)
[INFO] [stdout] 
[INFO] [stdout] 
[INFO] [stdout] error: first argument of method must be a path
[INFO] [stdout]     --> /opt/rustwide/cargo-home/registry/src/github.com-1ecc6299db9ec823/js-sys-0.3.35/src/lib.rs:4821:33
[INFO] [stdout]      |
[INFO] [stdout] 4821 |               pub fn slice(this: &$name, begin: u32, end: u32) -> $name;
[INFO] [stdout]      |                                   ^^^^^
[INFO] [stdout] ...
[INFO] [stdout] 4948 | / arrays! {
[INFO] [stdout] 4949 | |     /// `Int8Array()`
[INFO] [stdout] 4950 | |     /// https://developer.mozilla.org/en-US/docs/Web/JavaScript/Reference/Global_Objects/Int8Array
[INFO] [stdout] 4951 | |     Int8Array: i8,
[INFO] [stdout] ...    |
[INFO] [stdout] 4983 | |     Float64Array: f64,
[INFO] [stdout] 4984 | | }
[INFO] [stdout]      | |_- in this macro invocation
[INFO] [stdout]      |
[INFO] [stdout]      = note: this error originates in a macro (in Nightly builds, run with -Z macro-backtrace for more info)
[INFO] [stdout] 
[INFO] [stdout] 
[INFO] [stdout] error: first argument of method must be a path
[INFO] [stdout]     --> /opt/rustwide/cargo-home/registry/src/github.com-1ecc6299db9ec823/js-sys-0.3.35/src/lib.rs:4828:36
[INFO] [stdout]      |
[INFO] [stdout] 4828 |               pub fn for_each(this: &$name, callback: &mut dyn FnMut($ty, u32, $name));
[INFO] [stdout]      |                                      ^^^^^
[INFO] [stdout] ...
[INFO] [stdout] 4948 | / arrays! {
[INFO] [stdout] 4949 | |     /// `Int8Array()`
[INFO] [stdout] 4950 | |     /// https://developer.mozilla.org/en-US/docs/Web/JavaScript/Reference/Global_Objects/Int8Array
[INFO] [stdout] 4951 | |     Int8Array: i8,
[INFO] [stdout] ...    |
[INFO] [stdout] 4983 | |     Float64Array: f64,
[INFO] [stdout] 4984 | | }
[INFO] [stdout]      | |_- in this macro invocation
[INFO] [stdout]      |
[INFO] [stdout]      = note: this error originates in a macro (in Nightly builds, run with -Z macro-backtrace for more info)
[INFO] [stdout] 
[INFO] [stdout] 
[INFO] [stdout] error: first argument of method must be a path
[INFO] [stdout]     --> /opt/rustwide/cargo-home/registry/src/github.com-1ecc6299db9ec823/js-sys-0.3.35/src/lib.rs:4833:34
[INFO] [stdout]      |
[INFO] [stdout] 4833 |               pub fn length(this: &$name) -> u32;
[INFO] [stdout]      |                                    ^^^^^
[INFO] [stdout] ...
[INFO] [stdout] 4948 | / arrays! {
[INFO] [stdout] 4949 | |     /// `Int8Array()`
[INFO] [stdout] 4950 | |     /// https://developer.mozilla.org/en-US/docs/Web/JavaScript/Reference/Global_Objects/Int8Array
[INFO] [stdout] 4951 | |     Int8Array: i8,
[INFO] [stdout] ...    |
[INFO] [stdout] 4983 | |     Float64Array: f64,
[INFO] [stdout] 4984 | | }
[INFO] [stdout]      | |_- in this macro invocation
[INFO] [stdout]      |
[INFO] [stdout]      = note: this error originates in a macro (in Nightly builds, run with -Z macro-backtrace for more info)
[INFO] [stdout] 
[INFO] [stdout] 
[INFO] [stdout] error: first argument of method must be a path
[INFO] [stdout]     --> /opt/rustwide/cargo-home/registry/src/github.com-1ecc6299db9ec823/js-sys-0.3.35/src/lib.rs:4838:39
[INFO] [stdout]      |
[INFO] [stdout] 4838 |               pub fn byte_length(this: &$name) -> u32;
[INFO] [stdout]      |                                         ^^^^^
[INFO] [stdout] ...
[INFO] [stdout] 4948 | / arrays! {
[INFO] [stdout] 4949 | |     /// `Int8Array()`
[INFO] [stdout] 4950 | |     /// https://developer.mozilla.org/en-US/docs/Web/JavaScript/Reference/Global_Objects/Int8Array
[INFO] [stdout] 4951 | |     Int8Array: i8,
[INFO] [stdout] ...    |
[INFO] [stdout] 4983 | |     Float64Array: f64,
[INFO] [stdout] 4984 | | }
[INFO] [stdout]      | |_- in this macro invocation
[INFO] [stdout]      |
[INFO] [stdout]      = note: this error originates in a macro (in Nightly builds, run with -Z macro-backtrace for more info)
[INFO] [stdout] 
[INFO] [stdout] 
[INFO] [stdout] error: first argument of method must be a path
[INFO] [stdout]     --> /opt/rustwide/cargo-home/registry/src/github.com-1ecc6299db9ec823/js-sys-0.3.35/src/lib.rs:4843:39
[INFO] [stdout]      |
[INFO] [stdout] 4843 |               pub fn byte_offset(this: &$name) -> u32;
[INFO] [stdout]      |                                         ^^^^^
[INFO] [stdout] ...
[INFO] [stdout] 4948 | / arrays! {
[INFO] [stdout] 4949 | |     /// `Int8Array()`
[INFO] [stdout] 4950 | |     /// https://developer.mozilla.org/en-US/docs/Web/JavaScript/Reference/Global_Objects/Int8Array
[INFO] [stdout] 4951 | |     Int8Array: i8,
[INFO] [stdout] ...    |
[INFO] [stdout] 4983 | |     Float64Array: f64,
[INFO] [stdout] 4984 | | }
[INFO] [stdout]      | |_- in this macro invocation
[INFO] [stdout]      |
[INFO] [stdout]      = note: this error originates in a macro (in Nightly builds, run with -Z macro-backtrace for more info)
[INFO] [stdout] 
[INFO] [stdout] 
[INFO] [stdout] error: first argument of method must be a path
[INFO] [stdout]     --> /opt/rustwide/cargo-home/registry/src/github.com-1ecc6299db9ec823/js-sys-0.3.35/src/lib.rs:4848:31
[INFO] [stdout]      |
[INFO] [stdout] 4848 |               pub fn set(this: &$name, src: &JsValue, offset: u32);
[INFO] [stdout]      |                                 ^^^^^
[INFO] [stdout] ...
[INFO] [stdout] 4948 | / arrays! {
[INFO] [stdout] 4949 | |     /// `Int8Array()`
[INFO] [stdout] 4950 | |     /// https://developer.mozilla.org/en-US/docs/Web/JavaScript/Reference/Global_Objects/Int8Array
[INFO] [stdout] 4951 | |     Int8Array: i8,
[INFO] [stdout] ...    |
[INFO] [stdout] 4983 | |     Float64Array: f64,
[INFO] [stdout] 4984 | | }
[INFO] [stdout]      | |_- in this macro invocation
[INFO] [stdout]      |
[INFO] [stdout]      = note: this error originates in a macro (in Nightly builds, run with -Z macro-backtrace for more info)
[INFO] [stdout] 
[INFO] [stdout] 
[INFO] [stdout] error[E0433]: failed to resolve: use of undeclared type or module `Int8Array`
[INFO] [stdout]     --> /opt/rustwide/cargo-home/registry/src/github.com-1ecc6299db9ec823/js-sys-0.3.35/src/lib.rs:4951:5
[INFO] [stdout]      |
[INFO] [stdout] 4951 |     Int8Array: i8,
[INFO] [stdout]      |     ^^^^^^^^^ use of undeclared type or module `Int8Array`
[INFO] [stdout] 
[INFO] [stdout] 
[INFO] [stdout] error[E0433]: failed to resolve: use of undeclared type or module `Int16Array`
[INFO] [stdout]     --> /opt/rustwide/cargo-home/registry/src/github.com-1ecc6299db9ec823/js-sys-0.3.35/src/lib.rs:4955:5
[INFO] [stdout]      |
[INFO] [stdout] 4955 |     Int16Array: i16,
[INFO] [stdout]      |     ^^^^^^^^^^ use of undeclared type or module `Int16Array`
[INFO] [stdout] 
[INFO] [stdout] 
[INFO] [stdout] error[E0433]: failed to resolve: use of undeclared type or module `Int32Array`
[INFO] [stdout]     --> /opt/rustwide/cargo-home/registry/src/github.com-1ecc6299db9ec823/js-sys-0.3.35/src/lib.rs:4959:5
[INFO] [stdout]      |
[INFO] [stdout] 4959 |     Int32Array: i32,
[INFO] [stdout]      |     ^^^^^^^^^^ use of undeclared type or module `Int32Array`
[INFO] [stdout] 
[INFO] [stdout] 
[INFO] [stdout] error[E0433]: failed to resolve: use of undeclared type or module `Uint8Array`
[INFO] [stdout]     --> /opt/rustwide/cargo-home/registry/src/github.com-1ecc6299db9ec823/js-sys-0.3.35/src/lib.rs:4963:5
[INFO] [stdout]      |
[INFO] [stdout] 4963 |     Uint8Array: u8,
[INFO] [stdout]      |     ^^^^^^^^^^ use of undeclared type or module `Uint8Array`
[INFO] [stdout] 
[INFO] [stdout] 
[INFO] [stdout] error[E0433]: failed to resolve: use of undeclared type or module `Uint8ClampedArray`
[INFO] [stdout]     --> /opt/rustwide/cargo-home/registry/src/github.com-1ecc6299db9ec823/js-sys-0.3.35/src/lib.rs:4967:5
[INFO] [stdout]      |
[INFO] [stdout] 4967 |     Uint8ClampedArray: u8,
[INFO] [stdout]      |     ^^^^^^^^^^^^^^^^^ use of undeclared type or module `Uint8ClampedArray`
[INFO] [stdout] 
[INFO] [stdout] 
[INFO] [stdout] error[E0433]: failed to resolve: use of undeclared type or module `Uint16Array`
[INFO] [stdout]     --> /opt/rustwide/cargo-home/registry/src/github.com-1ecc6299db9ec823/js-sys-0.3.35/src/lib.rs:4971:5
[INFO] [stdout]      |
[INFO] [stdout] 4971 |     Uint16Array: u16,
[INFO] [stdout]      |     ^^^^^^^^^^^ use of undeclared type or module `Uint16Array`
[INFO] [stdout] 
[INFO] [stdout] 
[INFO] [stdout] error[E0433]: failed to resolve: use of undeclared type or module `Uint32Array`
[INFO] [stdout]     --> /opt/rustwide/cargo-home/registry/src/github.com-1ecc6299db9ec823/js-sys-0.3.35/src/lib.rs:4975:5
[INFO] [stdout]      |
[INFO] [stdout] 4975 |     Uint32Array: u32,
[INFO] [stdout]      |     ^^^^^^^^^^^ use of undeclared type or module `Uint32Array`
[INFO] [stdout] 
[INFO] [stdout] 
[INFO] [stdout] error[E0433]: failed to resolve: use of undeclared type or module `Float32Array`
[INFO] [stdout]     --> /opt/rustwide/cargo-home/registry/src/github.com-1ecc6299db9ec823/js-sys-0.3.35/src/lib.rs:4979:5
[INFO] [stdout]      |
[INFO] [stdout] 4979 |     Float32Array: f32,
[INFO] [stdout]      |     ^^^^^^^^^^^^ use of undeclared type or module `Float32Array`
[INFO] [stdout] 
[INFO] [stdout] 
[INFO] [stdout] error[E0433]: failed to resolve: use of undeclared type or module `Float64Array`
[INFO] [stdout]     --> /opt/rustwide/cargo-home/registry/src/github.com-1ecc6299db9ec823/js-sys-0.3.35/src/lib.rs:4983:5
[INFO] [stdout]      |
[INFO] [stdout] 4983 |     Float64Array: f64,
[INFO] [stdout]      |     ^^^^^^^^^^^^ use of undeclared type or module `Float64Array`
[INFO] [stdout] 
[INFO] [stdout] 
[INFO] [stdout] error[E0412]: cannot find type `Int32Array` in this scope
[INFO] [stdout]    --> /opt/rustwide/cargo-home/registry/src/github.com-1ecc6299db9ec823/js-sys-0.3.35/src/lib.rs:699:37
[INFO] [stdout]     |
[INFO] [stdout] 699 |         pub fn notify(typed_array: &Int32Array, index: u32) -> Result<u32, JsValue>;
[INFO] [stdout]     |                                     ^^^^^^^^^^ not found in this scope
[INFO] [stdout] 
[INFO] [stdout] 
[INFO] [stdout] error[E0412]: cannot find type `Int32Array` in this scope
[INFO] [stdout]    --> /opt/rustwide/cargo-home/registry/src/github.com-1ecc6299db9ec823/js-sys-0.3.35/src/lib.rs:704:27
[INFO] [stdout]     |
[INFO] [stdout] 704 |             typed_array: &Int32Array,
[INFO] [stdout]     |                           ^^^^^^^^^^ not found in this scope
[INFO] [stdout] 
[INFO] [stdout] 
[INFO] [stdout] error[E0412]: cannot find type `Int32Array` in this scope
[INFO] [stdout]    --> /opt/rustwide/cargo-home/registry/src/github.com-1ecc6299db9ec823/js-sys-0.3.35/src/lib.rs:743:35
[INFO] [stdout]     |
[INFO] [stdout] 743 |         pub fn wait(typed_array: &Int32Array, index: u32, value: i32) -> Result<JsString, JsValue>;
[INFO] [stdout]     |                                   ^^^^^^^^^^ not found in this scope
[INFO] [stdout] 
[INFO] [stdout] 
[INFO] [stdout] error[E0412]: cannot find type `Int32Array` in this scope
[INFO] [stdout]    --> /opt/rustwide/cargo-home/registry/src/github.com-1ecc6299db9ec823/js-sys-0.3.35/src/lib.rs:750:27
[INFO] [stdout]     |
[INFO] [stdout] 750 |             typed_array: &Int32Array,
[INFO] [stdout]     |                           ^^^^^^^^^^ not found in this scope
[INFO] [stdout] 
[INFO] [stdout] 
[INFO] [stdout] error[E0412]: cannot find type `Int8Array` in this scope
[INFO] [stdout]     --> /opt/rustwide/cargo-home/registry/src/github.com-1ecc6299db9ec823/js-sys-0.3.35/src/lib.rs:4951:5
[INFO] [stdout]      |
[INFO] [stdout] 4951 |     Int8Array: i8,
[INFO] [stdout]      |     ^^^^^^^^^ not found in this scope
[INFO] [stdout] 
[INFO] [stdout] 
[INFO] [stdout] error[E0412]: cannot find type `Int16Array` in this scope
[INFO] [stdout]     --> /opt/rustwide/cargo-home/registry/src/github.com-1ecc6299db9ec823/js-sys-0.3.35/src/lib.rs:4955:5
[INFO] [stdout]      |
[INFO] [stdout] 4955 |     Int16Array: i16,
[INFO] [stdout]      |     ^^^^^^^^^^ not found in this scope
[INFO] [stdout] 
[INFO] [stdout] 
[INFO] [stdout] error[E0412]: cannot find type `Int32Array` in this scope
[INFO] [stdout]     --> /opt/rustwide/cargo-home/registry/src/github.com-1ecc6299db9ec823/js-sys-0.3.35/src/lib.rs:4959:5
[INFO] [stdout]      |
[INFO] [stdout] 4959 |     Int32Array: i32,
[INFO] [stdout]      |     ^^^^^^^^^^ not found in this scope
[INFO] [stdout] 
[INFO] [stdout] 
[INFO] [stdout] error[E0412]: cannot find type `Uint8Array` in this scope
[INFO] [stdout]     --> /opt/rustwide/cargo-home/registry/src/github.com-1ecc6299db9ec823/js-sys-0.3.35/src/lib.rs:4963:5
[INFO] [stdout]      |
[INFO] [stdout] 4963 |     Uint8Array: u8,
[INFO] [stdout]      |     ^^^^^^^^^^ not found in this scope
[INFO] [stdout] 
[INFO] [stdout] 
[INFO] [stdout] error[E0412]: cannot find type `Uint8ClampedArray` in this scope
[INFO] [stdout]     --> /opt/rustwide/cargo-home/registry/src/github.com-1ecc6299db9ec823/js-sys-0.3.35/src/lib.rs:4967:5
[INFO] [stdout]      |
[INFO] [stdout] 4967 |     Uint8ClampedArray: u8,
[INFO] [stdout]      |     ^^^^^^^^^^^^^^^^^ not found in this scope
[INFO] [stdout] 
[INFO] [stdout] 
[INFO] [stdout] error[E0412]: cannot find type `Uint16Array` in this scope
[INFO] [stdout]     --> /opt/rustwide/cargo-home/registry/src/github.com-1ecc6299db9ec823/js-sys-0.3.35/src/lib.rs:4971:5
[INFO] [stdout]      |
[INFO] [stdout] 4971 |     Uint16Array: u16,
[INFO] [stdout]      |     ^^^^^^^^^^^ not found in this scope
[INFO] [stdout] 
[INFO] [stdout] 
[INFO] [stdout] error[E0412]: cannot find type `Uint32Array` in this scope
[INFO] [stdout]     --> /opt/rustwide/cargo-home/registry/src/github.com-1ecc6299db9ec823/js-sys-0.3.35/src/lib.rs:4975:5
[INFO] [stdout]      |
[INFO] [stdout] 4975 |     Uint32Array: u32,
[INFO] [stdout]      |     ^^^^^^^^^^^ not found in this scope
[INFO] [stdout] 
[INFO] [stdout] 
[INFO] [stdout] error[E0412]: cannot find type `Float32Array` in this scope
[INFO] [stdout]     --> /opt/rustwide/cargo-home/registry/src/github.com-1ecc6299db9ec823/js-sys-0.3.35/src/lib.rs:4979:5
[INFO] [stdout]      |
[INFO] [stdout] 4979 |     Float32Array: f32,
[INFO] [stdout]      |     ^^^^^^^^^^^^ not found in this scope
[INFO] [stdout] 
[INFO] [stdout] 
[INFO] [stdout] error[E0412]: cannot find type `Float64Array` in this scope
[INFO] [stdout]     --> /opt/rustwide/cargo-home/registry/src/github.com-1ecc6299db9ec823/js-sys-0.3.35/src/lib.rs:4983:5
[INFO] [stdout]      |
[INFO] [stdout] 4983 |     Float64Array: f64,
[INFO] [stdout]      |     ^^^^^^^^^^^^ not found in this scope
[INFO] [stdout] 
[INFO] [stdout] 
[INFO] [stdout] error: aborting due to 35 previous errors
[INFO] [stdout] 
[INFO] [stdout] 
[INFO] [stdout] Some errors have detailed explanations: E0412, E0433.
[INFO] [stdout] 
[INFO] [stdout] For more information about an error, try `rustc --explain E0412`.
[INFO] [stdout] 
[INFO] [stderr] error: could not compile `js-sys`.
[INFO] [stderr] 
[INFO] [stderr] To learn more, run the command again with --verbose.
[INFO] [stderr] warning: build failed, waiting for other jobs to finish...
[INFO] [stderr] error: build failed
[INFO] running `Command { std: "docker" "inspect" "c2bddd92b309fbce3c413d6c42491fbeabc1c4ab19e97943e922d7817e1a6f24", kill_on_drop: false }`
[INFO] running `Command { std: "docker" "rm" "-f" "c2bddd92b309fbce3c413d6c42491fbeabc1c4ab19e97943e922d7817e1a6f24", kill_on_drop: false }`
[INFO] [stdout] c2bddd92b309fbce3c413d6c42491fbeabc1c4ab19e97943e922d7817e1a6f24
